 11 divide 46971947?
True
Is 21 a factor of 971354811?
True
Does 948 divide 1668077100?
True
Is 93 a factor of 47437812?
True
Is 15 a factor of 20549908?
False
Is 692550831 a multiple of 3?
True
Is 82939473 a multiple of 86?
False
Is 1517970888 a multiple of 63?
True
Is 3154413 a multiple of 13?
False
Does 46 divide 219532286?
True
Does 51 divide 36872286?
True
Is 5587 a factor of 102879018?
True
Does 34 divide 316957638?
False
Is 159 a factor of 456125068?
False
Is 37578753 a multiple of 186?
False
Is 25 a factor of 56654678?
False
Does 8 divide 10877264?
True
Does 10 divide 162158830?
True
Does 547 divide 50364592?
False
Does 1693 divide 150951266?
True
Is 144717957 a multiple of 10?
False
Is 157533256 a multiple of 437?
True
Is 418 a factor of 924457578?
True
Does 1849 divide 28724586?
False
Is 157 a factor of 102809566?
True
Is 2 a factor of 58026403?
False
Does 107 divide 115923971?
False
Is 19 a factor of 1804207?
False
Does 4753 divide 188733047?
False
Is 3692 a factor of 255545802?
False
Is 3669 a factor of 531740832?
True
Is 513512842 a multiple of 9?
False
Is 61594152 a multiple of 24?
True
Does 1571 divide 53246850?
False
Is 1248520885 a multiple of 5928?
False
Is 5038356 a multiple of 58?
False
Does 70 divide 514120390?
True
Is 449511816 a multiple of 962?
True
Is 24147106 a multiple of 266?
False
Is 362 a factor of 376896662?
True
Is 67 a factor of 4668206173?
True
Does 1869 divide 2854772277?
True
Is 25 a factor of 1450204?
False
Is 37 a factor of 1991508239?
True
Is 213661934 a multiple of 25?
False
Is 30687334 a multiple of 31?
True
Does 19 divide 333098253?
True
Is 931 a factor of 60540109?
False
Is 67678092 a multiple of 324?
True
Is 4420 a factor of 778462792?
False
Does 13 divide 27744785?
False
Is 66443331 a multiple of 1216?
False
Is 439 a factor of 68557313?
True
Is 914 a factor of 2109318232?
True
Does 7 divide 115890621?
True
Is 225 a factor of 52096105?
False
Is 319 a factor of 6813521?
True
Does 58 divide 13730774?
False
Is 75532770 a multiple of 54?
True
Is 10 a factor of 278243310?
True
Is 1391 a factor of 13485894?
False
Does 15 divide 163615960?
False
Is 15 a factor of 52916560?
False
Is 93 a factor of 1702923?
True
Does 8 divide 137083586?
False
Is 15344082 a multiple of 46?
True
Is 820 a factor of 1773240160?
True
Is 353426957 a multiple of 39?
False
Does 113 divide 803222306?
True
Does 4 divide 2135752864?
True
Does 1207 divide 102412743?
True
Is 903914506 a multiple of 387?
False
Is 526753920 a multiple of 735?
True
Is 123 a factor of 2669468070?
False
Does 4 divide 1141234441?
False
Does 16 divide 45579952?
True
Does 200 divide 591041400?
True
Is 81 a factor of 4601529?
True
Is 946 a factor of 180107097?
False
Does 242 divide 1238257669?
False
Is 109789189 a multiple of 1303?
False
Is 2 a factor of 398964725?
False
Is 13 a factor of 573897965?
False
Does 1119 divide 173821614?
False
Is 56742124 a multiple of 1654?
True
Is 612596579 a multiple of 251?
False
Does 112 divide 134518548?
False
Does 118 divide 596133876?
True
Does 396 divide 306665964?
True
Is 15 a factor of 30517364?
False
Does 173 divide 84921894?
True
Does 5 divide 142160168?
False
Is 678662528 a multiple of 35?
False
Does 22 divide 24796816?
True
Is 26 a factor of 1759662421?
False
Is 77 a factor of 1410790458?
True
Is 384 a factor of 82728960?
True
Is 95190795 a multiple of 194?
False
Does 436 divide 58048450?
False
Is 1274 a factor of 201426403?
False
Does 112 divide 270738272?
True
Is 347737574 a multiple of 100?
False
Is 8394514 a multiple of 115?
False
Does 233 divide 197714328?
False
Does 13 divide 86812323?
True
Does 85 divide 13218338?
False
Is 88 a factor of 4850136?
False
Does 4514 divide 316583047?
False
Is 31602368 a multiple of 322?
True
Is 210254400 a multiple of 1256?
True
Does 19 divide 13254438?
True
Does 581 divide 51587497?
False
Is 4549 a factor of 600378876?
False
Is 291483000 a multiple of 5004?
True
Is 1290 a factor of 2597977865?
False
Is 290 a factor of 41306002?
False
Is 701340008 a multiple of 181?
False
Is 997797139 a multiple of 53?
False
Is 105 a factor of 4751415?
False
Is 490186928 a multiple of 602?
True
Is 1279 a factor of 50079541?
False
Does 4631 divide 363136642?
False
Is 4121 a factor of 511437058?
False
Is 1327 a factor of 54051364?
True
Does 749 divide 427478017?
False
Is 84 a factor of 4299984?
False
Is 265472306 a multiple of 671?
False
Is 66889521 a multiple of 63?
False
Is 17120473 a multiple of 881?
True
Is 99985126 a multiple of 5?
False
Is 422 a factor of 5172876?
True
Is 22507362 a multiple of 1401?
False
Does 40 divide 8444119?
False
Is 31324550 a multiple of 254?
True
Does 85 divide 12097710?
True
Does 18 divide 111434677?
False
Is 7232317854 a multiple of 2533?
True
Does 2 divide 10218272?
True
Does 38 divide 13530090?
True
Does 110 divide 3178692440?
True
Is 608 a factor of 780142951?
False
Is 838 a factor of 212360100?
False
Is 145132620 a multiple of 38?
False
Is 53192726 a multiple of 9?
False
Does 390 divide 433612071?
False
Does 37 divide 85391338?
True
Is 1558 a factor of 8405831?
False
Does 18 divide 3274344?
True
Does 49 divide 49788106?
False
Does 958 divide 40840498?
True
Is 21883809 a multiple of 3?
True
Is 79486770 a multiple of 33?
True
Does 13 divide 51716612?
False
Does 261 divide 6950788?
False
Is 63 a factor of 12689245?
False
Is 22 a factor of 448289622?
True
Does 251 divide 867780292?
True
Is 2086 a factor of 2521442070?
True
Does 1188 divide 1201682365?
False
Is 9104549152 a multiple of 32?
True
Does 853 divide 567806915?
False
Does 552 divide 53893416?
True
Does 39 divide 221944086?
True
Does 143 divide 30196166?
True
Is 289183223 a multiple of 6277?
False
Is 1375713672 a multiple of 8?
True
Is 587 a factor of 20185756?
True
Does 22 divide 116174293?
False
Is 860293395 a multiple of 1028?
False
Is 23 a factor of 61573829?
True
Does 474 divide 78611565?
False
Is 790312580 a multiple of 1990?
True
Is 53 a factor of 3144913152?
True
Is 87 a factor of 1387136874?
True
Is 41440239 a multiple of 384?
False
Does 87 divide 676181313?
True
Is 87542629 a multiple of 8?
False
Does 59 divide 317684143?
True
Does 330 divide 154861838?
False
Does 11 divide 65167485?
False
Does 2588 divide 33162632?
True
Is 33 a factor of 544676616?
True
Does 306 divide 44323506?
False
Is 455499525 a multiple of 39?
True
Is 61509125 a multiple of 1315?
True
Does 41 divide 10041701?
False
Does 7 divide 2784308919?
True
Is 160783175 a multiple of 35?
True
Is 207885555 a multiple of 19?
True
Is 364 a factor of 95030936?
True
Is 1542855224 a multiple of 117?
False
Is 3092 a factor of 31488928?
True
Is 875885730 a multiple of 968?
False
Is 7 a factor of 5555928?
True
Does 6 divide 20960706?
True
Is 801690200 a multiple of 515?
True
Is 2233089523 a multiple of 7?
True
Is 152 a factor of 21007511?
False
Is 10 a factor of 70352550?
True
Is 13769194 a multiple of 48?
False
Does 2 divide 4294664?
True
Is 93943426 a multiple of 9?
False
Is 27 a factor of 5385345329?
False
Is 54680161 a multiple of 4?
False
Is 37 a factor of 1180741896?
False
Is 25903308 a multiple of 51?
True
Is 2 a factor of 67859224?
True
Does 1568 divide 38665312?
True
Is 243722120 a multiple of 19?
True
Does 103 divide 1936409888?
True
Does 309 divide 106669687?
False
Is 316295946 a multiple of 65?
False
Does 993 divide 245413207?
False
Does 12 divide 24407303?
False
Is 17697820 a multiple of 70?
True
Is 133 a factor of 1985186994?
True
Does 86 divide 190079605?
False
Is 654 a factor of 11660166?
True
Does 206 divide 200854944?
True
Is 196065818 a multiple of 261?
False
Is 581 a factor of 58608200?
False
Is 86 a factor of 25751152?
True
Is 181 a factor of 99344861?
False
Is 15 a factor of 38595645?
True
Does 20 divide 387847?
False
Is 793509850 a multiple of 1351?
True
Is 7 a factor of 1613195661?
True
Does 2002 divide 290676386?
True
Is 131582956 a multiple of 339?
False
Is 7214165 a multiple of 155?
True
Does 74 divide 757718634?
True
Does 5 divide 7601391?
False
Does 38 divide 25982880?
True
Does 3 divide 946710?
True
Is 1278 a factor of 40724748?
True
Is 43968 a multiple of 192?
True
Is 2078 a factor of 47191380?
True
Is 2170855 a multiple of 215?
True
Is 48 a factor of 4281736089?
False
Is 29420081 a multiple of 7?
False
Does 1146 di